s of (422/(-10))/((y/25)/(-11)).
211
Let i(b) = 119676818 + 29*b - 119676852 + 6*b. Let h(j) = -j + 4. Let q be h(0). What are the prime factors of i(q)?
2, 53
Let w = 19068 - 7284. What are the prime factors of w?
2, 3, 491
Let p be 2/(-7) - (-266)/(-98). Let f(u) = -2*u**3 - 3*u**2 + 4*u. List the prime factors of f(p).
3, 5
Let w = 4848 - 2532. What are the prime factors of w?
2, 3, 193
Let l be (-13350)/(-20)*16/6. Let z = l + -1125. List the prime factors of z.
5, 131
Let o = -5 + -12. Let c be ((-1)/(-2))/(o/(-68)). Suppose 0 = -j - c*j + 114. List the prime factors of j.
2, 19
Let f(h) = h**3 + 4*h**2 + 11*h - 3. Let a(k) = k**3 + 3*k**2 + 9*k - 3. Let u(g) = 4*a(g) - 3*f(g). List the prime factors of u(6).
3, 7, 11
Suppose -87*p + 1735456 = -744566. List the prime factors of p.
2, 3, 4751
Let g(m) = m**3 + 3*m**2 + m + 5. Let c be g(-3). Let d be (-303)/(-4 + 5/c). Suppose 0 = 17*t - 15*t - d. List the prime factors of t.
101
Suppose -4633 = -s + 4*d - 392, 0 = -4*s + 4*d + 16928. What are the prime factors of s?
4229
Suppose -798*m - 14037 = -799*m. List the prime factors of m.
3, 4679
Let v(j) = 119*j**2 + 12*j - 42. What are the prime factors of v(9)?
3, 5, 647
Suppose -4*l + 2*o + 8 = 0, -2*o + 7 = -l + 3. Suppose 0*a - 3*a + 9 = 0. Suppose -6*y + 25 = -l*y - a*r, y + 4*r = 18. What are the prime factors of y?
2, 7
Suppose -2*u - u = 0. Suppose u = 5*t + 83 - 23. What are the prime factors of (-3)/(12/(-8)) - t?
2, 7
Let j(v) = 12*v**3 + v**2 + v - 26. Let f be j(6). Suppose 0 = -0*y + 8*y - f. List the prime factors of y.
2, 163
Let a(i) = i**3 - 4*i**2 + 4*i + 1. Let u be a(3). Let j be 10 - (u - -4 - 4). Suppose j*t - 8 = 1570. What are the prime factors of t?
263
Let i(z) = 81 - 8*z - 125 + 64. Let c = -66 + 45. What are the prime factors of i(c)?
2, 47
Let i be (136/(-170))/(1/70). Let q = i + 1415. What are the prime factors of q?
3, 151
Let i(u) be the first derivative of -u**4/4 + 41*u - 206. Suppose a = -a. List the prime factors of i(a).
41
Let g(t) be the third derivative of t**5/30 - t**4/2 + t**3/3 - 21*t**2. Let w = 16 + -8. What are the prime factors of g(w)?
2, 17
Let w = -27779 - -46745. List the prime factors of w.
2, 3, 29, 109
Suppose -31 = -7*l + 4. Suppose -l*r - 147 = -2*r. List the prime factors of 379/7 - (-7)/r.
2, 3
Let q = -78 - -112. Suppose 0 = -a + 5*a - 152. Let m = a + q. List the prime factors of m.
2, 3
Suppose -u + 74 = -2*u. Let l = u - -74. Suppose z - 4*z = 2*h - 445, l = 3*z + 4*h - 443. List the prime factors of z.
149
Let h(t) = -56 - 45*t - 26*t - 65 - 15*t - 28. List the prime factors of h(-5).
281
Let t(p) = p**3 + 13*p**2 + 19*p - 10. Let n be t(-10). Suppose 6*k - n + 10 = 0. Suppose 43 - k = g. List the prime factors of g.
2, 7
Suppose 283437 = -231*i + 1163974 + 1637363. What are the prime factors of i?
2, 5, 109
Let j(z) = -8*z**2 - 2*z. Suppose -8*n - 7 = -n. Let y be j(n). What are the prime factors of -25*4/40*y?
3, 5
Suppose 28 = -f - 4*d, d + 28 = -f - 2*d. Let y = 4 - 4. Let s = y - f. List the prime factors of s.
2, 7
What are the prime factors of (-4)/(-8) - (-16)/32 - -9526?
7, 1361
List the prime factors of 2 + ((-14410)/4)/(3/210*-5).
31, 1627
Let k(o) = o**2 - 38*o + 32. Let l be k(37). List the prime factors of (-2815)/l - 2 - -2 - 1.
2, 281
Let z(p) = -9 - 89 - 74 + 15*p + 32. What are the prime factors of z(19)?
5, 29
Suppose -380477 = -17*v + 264441 - 114569. List the prime factors of v.
3, 10399
Let v(d) = d**3 + 14*d**2 + 21*d - 9. Let f = 90 + -53. Suppose -3*t - 2*k + 6*k = f, 0 = -t + 2*k - 13. What are the prime factors of v(t)?
3, 41
Let i be 15/(3 + 0) + 10 + 23. What are the prime factors of (0 + i/(-2))*-49?
7, 19
Suppose 10696*s = 10678*s + 165024. What are the prime factors of s?
2, 3, 191
Let k = -10312 - -20678. List the prime factors of k.
2, 71, 73
Suppose 2*m + 3*m - 3*k = -16, 6 = -m + 2*k. Let s(l) = 71*l + 7. Let w(j) = -70*j - 6. Let h(g) = 2*s(g) + 3*w(g). What are the prime factors of h(m)?
2, 3, 11
Let r = 15965 - 1990. What are the prime factors of r?
5, 13, 43
Suppose 429 = 2*f + 5*a, -a + 3 = -2. Suppose i - 4*m - 92 = 0, 2*m + f = i + i. Let t = 26 + i. List the prime factors of t.
2, 5, 13
Suppose 3*p = -5*q + 16, 0*q + 22 = 2*q - 4*p. Suppose -q*o + 355 = -10*o. Let t = 77 + o. What are the prime factors of t?
2, 3
Let y be 7/(35/(-120)) - 1. Let r = -25 - y. Suppose r = -v + 3*x + 51, -2*v - 3*x = -5*v + 123. What are the prime factors of v?
2, 3
Suppose 38 = 5*o - 2*a - 2*a, a = -4*o + 43. Let w be (-2)/o - (-9)/(-5). What are the prime factors of (-105)/(-20) - w/(-8)?
5
Let u = 32691 - 11990. What are the prime factors of u?
127, 163
Suppose 2*q - u = -1, -9*q + 4*u + 8 = -5*q. Let f(y) = y**3 + 8*y**2 + 24*y + 64. What are the prime factors of f(q)?
37
List the prime factors of 8/40 - -42349*(-2)/(-10).
2, 5, 7, 11
Let z(o) = -304*o + 119 + 86*o - 116. List the prime factors of z(-2).
439
What are the prime factors of (-1 - 70/(-21))*206118/22?
3, 7, 347
Suppose -310 = -3*u - 322. List the prime factors of u + 23211/45 - (-4)/(-5).
7, 73
Suppose -64*d - 157*d = -4521881. List the prime factors of d.
7, 37, 79
Let m(q) = 2*q**3 - 15*q**2 + 11*q - 28. Let b be m(7). Let y(v) = 0 + v**2 + 55 + 2*v - 10. What are the prime factors of y(b)?
3, 5
Let j(h) = 3*h**3 - 5*h**2 + 2*h + 1. Let s be j(3). Let y = 43 - s. What are the prime factors of -2*(-45)/10 - y?
3
Let j = 3 + -3. Suppose 2*y - 18 = -4*o, -5*y = -5*o - 4 - 11. List the prime factors of o - (-55 + (j - -3)).
2, 3
Let s = -1672 + 867. Let m = s - -1303. Suppose 5*w + m = 1248. What are the prime factors of w?
2, 3, 5
Suppose 0 = -5*y - 7*f + 6*f - 1750, -3*y - f = 1050. Let h = y - -711. List the prime factors of h.
19
Suppose 89*c - 11*c = -133*c + 2026655. List the prime factors of c.
5, 17, 113
Let d(v) = -v - 20 - 21 + 37. Let z be d(-14). Let t = z + 24. What are the prime factors of t?
2, 17
Let c(z) = 6*z - 22. Let l be c(13). Suppose -12*d + 4*d = -l. List the prime factors of 6/21 - (-1069)/d.
3, 17
Let z(h) = 8*h**2 - 10*h**2 - 4*h**3 - 11 + 4*h - h**2. List the prime factors of z(-4).
181
Let d(o) = 285*o + 94. Let r(s) = -57*s - 19. Let h(z) = 2*d(z) + 11*r(z). Let l be h(4). Let p = l + 359. What are the prime factors of p?
2, 5, 11
Let n(c) = -201*c - 8. Let j(h) = -200*h - 9. Let d(s) = -2*j(s) + 3*n(s). List the prime factors of d(-1).
197
Let z = 109 - 65. Let c = 47 - z. Let m = c + 96. List the prime factors of m.
3, 11
Let l(m) = -5*m + 3 + 5 + 0*m + 0*m. Let u be l(-9). Suppose -389 = -6*w - u. What are the prime factors of w?
2, 7
Let o(z) = 29*z**2 + 315*z - 1169. List the prime factors of o(-59).
3, 5, 5413
Let x = -10 - -13. Let f be x - 0*1/3. Suppose s - 72 = 4*u, -f*u + 133 = -0*s + 2*s. What are the prime factors of s?
2, 17
Suppose 152*m - 2909345 - 10517423 = 0. List the prime factors of m.
2, 29, 1523
Suppose -4*q = -7 + 7. Suppose 0 = -q*l + 5*l. List the prime factors of (l - (-5)/(-5))/((-2)/170).
5, 17
Let p = 24 + -23. Let l(u) = 2*u**3 + u. Let z be l(p). Suppose -q - 45 + 157 = -z*b, -5*q - b + 544 = 0. List the prime factors of q.
109
Let m = 16 - 10. Let j(u) = 16*u + 3. Let d(a) = 17*a + 3. Let i(p) = -2*d(p) + 3*j(p). What are the prime factors of i(m)?
3, 29
Suppose -c - 228 = -1097. Let y = c + -495. List the prime factors of y.
2, 11, 17
Let k(r) = 880*r**2 - r + 379. List the prime factors of k(7).
2, 83, 131
Suppose -3*o - 5*o - 2840 = 0. Let c = 58 - o. What are the prime factors of c?
7, 59
Let z(f) be the first derivative of 5*f - 2*f**2 - 3 + 16/3*f**3. What are the prime factors of z(4)?
5, 7
Let o be 4 + -15 + 2 + -5. Let b be (1 - (2 - 0))/(7/o). Suppose -267 + 147 = -b*j. List the prime factors of j.
2, 3, 5
Suppose -o + 15 = 10. Suppose 4*a = -o*l + 1168, -5*l - 4*a + 6*a + 1186 = 0. List the prime factors of l.
2, 59
Suppose -2*b + 4538 = 68. Let r = 515 + b. Suppose 9*a - r = -644. What are the prime factors of a?
2, 3, 13
Suppose 0 = t + 2*f - 189, 4*t - 2*f - 796 = -0*f. Let h = t - 132. What are the prime factors of h?
5, 13
Suppose 4*v + 19 = 31. Suppose -3*w + 370 = 2*u, -8*u + v*u - w + 912 = 0. What are the prime factors of u?
2, 7, 13
Let v(b) = b**2 - 5*b + 5. Let f be v(6). Suppose f*i - 42 - 233 = 0. Su